{"id":597,"date":"2026-01-02T11:56:08","date_gmt":"2026-01-02T10:56:08","guid":{"rendered":"https:\/\/www.memoriaericordo.it\/?page_id=597"},"modified":"2026-01-03T08:36:08","modified_gmt":"2026-01-03T07:36:08","slug":"progetto001","status":"publish","type":"page","link":"https:\/\/www.memoriaericordo.it\/index.php\/progetto001\/","title":{"rendered":"progetto001"},"content":{"rendered":"\n<div class=\"wp-block-group alignfull has-global-padding is-layout-constrained wp-container-core-group-is-layout-8527ac23 wp-block-group-is-layout-constrained\" style=\"margin-top:0;margin-bottom:0;padding-right:var(--wp--preset--spacing--60);padding-left:var(--wp--preset--spacing--60)\">\n<h2 class=\"wp-block-heading alignwide has-text-align-center has-large-font-size\"><strong>LA RETE DI SCUOLE E IL PROGETTO<\/strong><\/h2>\n\n\n\n<p class=\"has-medium-font-size\" style=\"margin-right:var(--wp--preset--spacing--60);margin-left:var(--wp--preset--spacing--60)\">Il progetto nasce nell&#8217;ottobre del 2023 e prosegue per il successivo triennio con lo scopo di soddisfare la comune necessit\u00e0, in particolare degli istituti tecnici e professionali, di sviluppare attivit\u00e0 culturali. A tal fine, \u00e8 stata predisposta una Rete di Scuole finalizzata all&#8217;organizzazione di convegni ed eventi volti a trasmettere alle nuove generazioni i valori della memoria storica. Particolare attenzione \u00e8 dedicata al ricordo dello sterminio e delle persecuzioni del popolo ebraico, della deportazione militare e politica italiana nei campi nazisti, nonch\u00e9 alla tragedia delle foibe, dell&#8217;esodo istriano-giuliano-dalmata e delle complesse vicende del confine orientale nel secondo dopoguerra.<\/p>\n\n\n\n<p class=\"has-medium-font-size\" style=\"margin-right:var(--wp--preset--spacing--60);margin-left:var(--wp--preset--spacing--60)\">In particolare, le iniziative saranno volte a celebrare i giorni della memoria e del ricordo individuati dalle seguenti leggi nazionali: <\/p>\n\n\n\n<ol style=\"margin-right:var(--wp--preset--spacing--60);margin-left:var(--wp--preset--spacing--60);padding-right:var(--wp--preset--spacing--40);padding-left:var(--wp--preset--spacing--40)\" class=\"wp-block-list\">\n<li style=\"padding-right:0;padding-left:0\">legge 20 luglio 2000, n. 211 (Istituzione del \u201cGiorno della Memoria\u201d in ricordo dello sterminio e delle persecuzioni del popolo ebraico e dei deportati militari e politici italiani nei campi nazisti); <\/li>\n\n\n\n<li>legge 30 marzo 2004, n. 92 (Istituzione del \u201cGiorno del ricordo\u201d in memoria delle vittime delle foibe, dell\u2019esodo giuliano-dalmata e delle vicende del confine orientale e concessione di un riconoscimento ai congiunti degli infoibati). <\/li>\n<\/ol>\n\n\n\n<p class=\"has-medium-font-size\" style=\"margin-right:var(--wp--preset--spacing--60);margin-left:var(--wp--preset--spacing--60)\">La rete di scuole vede la partecipazione degli istituti: <\/p>\n\n\n\n<ul style=\"margin-right:var(--wp--preset--spacing--60);margin-left:var(--wp--preset--spacing--60);padding-right:var(--wp--preset--spacing--40);padding-left:var(--wp--preset--spacing--40)\" class=\"wp-block-list\">\n<li>I.S.I.S. &#8220;ARTURO MALIGNANI&#8221; di Udine (individuato come capofila); <\/li>\n\n\n\n<li>I.I.S. \u201cIL TAGLIAMENTO\u201d di Spilimbergo; <\/li>\n\n\n\n<li>I.S.I.S. \u201cR. D\u2019ARONCO\u201d di Gemona del Friuli; <\/li>\n\n\n\n<li>I.S.I.S. \u201cMAGRINI-MARCHETTI\u201d. di Gemona del Friuli<\/li>\n<\/ul>\n<\/div>\n\n\n\n<p><\/p>\n","protected":false},"excerpt":{"rendered":"<p>LA RETE DI SCUOLE E IL PROGETTO Il progetto nasce nell&#8217;ottobre del 2023 e prosegue per il successivo triennio con lo scopo di soddisfare la comune necessit\u00e0, in particolare degli istituti tecnici e professionali, di sviluppare attivit\u00e0 culturali. A tal fine, \u00e8 stata predisposta una Rete di Scuole finalizzata all&#8217;organizzazione di convegni ed eventi volti [&hellip;]<\/p>\n","protected":false},"author":1,"featured_media":0,"parent":0,"menu_order":0,"comment_status":"closed","ping_status":"closed","template":"","meta":{"footnotes":""},"class_list":["post-597","page","type-page","status-publish","hentry"],"_links":{"self":[{"href":"https:\/\/www.memoriaericordo.it\/index.php\/wp-json\/wp\/v2\/pages\/597","targetHints":{"allow":["GET"]}}],"collection":[{"href":"https:\/\/www.memoriaericordo.it\/index.php\/wp-json\/wp\/v2\/pages"}],"about":[{"href":"https:\/\/www.memoriaericordo.it\/index.php\/wp-json\/wp\/v2\/types\/page"}],"author":[{"embeddable":true,"href":"https:\/\/www.memoriaericordo.it\/index.php\/wp-json\/wp\/v2\/users\/1"}],"replies":[{"embeddable":true,"href":"https:\/\/www.memoriaericordo.it\/index.php\/wp-json\/wp\/v2\/comments?post=597"}],"version-history":[{"count":13,"href":"https:\/\/www.memoriaericordo.it\/index.php\/wp-json\/wp\/v2\/pages\/597\/revisions"}],"predecessor-version":[{"id":735,"href":"https:\/\/www.memoriaericordo.it\/index.php\/wp-json\/wp\/v2\/pages\/597\/revisions\/735"}],"wp:attachment":[{"href":"https:\/\/www.memoriaericordo.it\/index.php\/wp-json\/wp\/v2\/media?parent=597"}],"curies":[{"name":"wp","href":"https:\/\/api.w.org\/{rel}","templated":true}]}}